d 14?
7
Let g be (4/(3 - 2))/2. Let z(k) = g*k**2 + 7 - 5*k + 2*k + 4*k - 2*k. Let q be z(4). Calculate the highest common factor of 7 and q.
7
Suppose 0 = 22*f - 2049 + 69. Calculate the greatest common factor of f and 60.
30
Suppose 0 = -14*p - 0*p + 1792. Calculate the highest common divisor of p and 320.
64
Let u(j) = 12*j - 15*j - j**3 + 0 - 2*j**2 - 2. Let k be u(-4). Suppose k = 3*y + i, 4*i - 25 = y - 2*y. What is the greatest common factor of 104 and y?
13
Let v be ((-6)/4)/((-7)/4 + 1). Let q be (-4 - (-2)/2) + (v - -18). Calculate the greatest common factor of 119 and q.
17
Let a = 253 - 151. Calculate the greatest common divisor of a and 357.
51
Suppose 0 = j - 13 - 23. What is the highest common divisor of 9 and j?
9
Let k(q) = -6*q - 28. Let b be k(-6). Let h be (-24)/(-14) - 6/(-21). What is the highest common divisor of b and h?
2
Suppose -4*s + 18*s - 518 = 0. Suppose 3*b = n - 3*n + s, 2*b - 38 = 2*n. Suppose 300 = 6*h - h. What is the highest common divisor of h and b?
15
Let b be (-100)/(-10) + -22 - -3186. Calculate the greatest common factor of b and 138.
138
Let s(v) = -v**2 - 26*v - 116. Let x be s(-14). Calculate the greatest common factor of x and 1404.
52
Suppose -3*c + 10 = -215. Calculate the greatest common divisor of c and 60.
15
Let h(y) = -13*y - 5. Let i be h(-1). What is the greatest common divisor of i and 328?
8
Let g be 1*((-4)/(-2))/(-2). Let o be g + 0 - -60 - -1. Suppose l - 17*l = -384. Calculate the highest common divisor of l and o.
12
Suppose -6 - 30 = -4*u. Let l be (4 - 6) + u + -4. Let o(f) = 3*f**2 + f + 1. Let c be o(-1). What is the highest common divisor of l and c?
3
Suppose 3*c - 6*c + 3*n - 15 = 0, -5*c - 5*n + 15 = 0. Let m = c + 199. Suppose 0*z + m = 2*z. Calculate the highest common factor of z and 9.
9
Suppose -3*u + 4*z = -130, 0*z = 2*u + 3*z - 115. What is the highest common factor of 30 and u?
10
Let h(p) = p**3 + 11*p**2 + 17*p - 34. Let s be h(-8). What is the greatest common divisor of 440 and s?
22
Let m = -164 + 175. What is the greatest common divisor of 3 and m?
1
Let m = 140 - 136. Suppose 4 = -0*u + 2*u. Suppose u*t + 7*i = m*i + 95, 4*i - 60 = -t. What is the greatest common factor of 16 and t?
8
Let i be -2 - (0 - 4) - 100. Let h be 9/(-36) + i/(-8). Let u = 106 + 2. What is the highest common divisor of u and h?
12
Suppose -f - 6 = -3*f. Suppose f*g + g = -32. Let z = 3 - g. What is the highest common divisor of 44 and z?
11
Suppose -4*p + 12 + 12 = 0. Suppose -30 - 3 = 3*o. Let i = 15 + o. Calculate the highest common divisor of i and p.
2
Suppose 3*j = -j - 264. Let v be (6/4)/((-9)/j). Calculate the highest common factor of 121 and v.
11
Let w(p) = -18*p - 34. Let y be w(13). Let x be 3/(-2)*(-2)/1. Let u be y/(-12) + 2/x. What is the highest common divisor of 207 and u?
23
Let l = 38 - 22. Suppose 84 = 3*y + 36. Calculate the greatest common divisor of y and l.
16
Suppose -2*d = 2*d - 80. Let n(y) = 3*y**2 - 10*y - 5. Let p be n(4). Suppose 4*q - 7 = 1, p*f - 2*q = 536. What is the greatest common divisor of f and d?
20
Suppose -3*w = -48 + 51. Let m be 0 + 1/w + (49 - 6). Let y be (-1)/(-1) + 1*13. Calculate the greatest common factor of y and m.
14
Let g(p) = -2*p + 7. Let r be g(-5). Suppose -96 = -8*t - 56. Suppose -z + t + r = 0. What is the highest common divisor of 33 and z?
11
Suppose 2*m = -4*j - m + 13, 2*j = 4*m - 10. What is the highest common divisor of 41 and j?
1
Let l be 42/10 + 1/(-5). Let u = 67 + -31. Calculate the highest common divisor of l and u.
4
Suppose -11*o + 12*o = -5*t + 17978, -2 = o. What is the highest common factor of 31 and t?
31
Let p(q) = 2*q - 4. Let h be p(8). Suppose -3*n - 4554 = -h*n. Calculate the highest common factor of 46 and n.
46
Suppose 2*z = -4*a + 4, 2*a = -a + 5*z - 10. Suppose 2*x - 144 = -5*p + 620, a = p - 5*x - 169. Calculate the greatest common divisor of p and 22.
22
Let k be -3 + 2 + 2 - -4. Suppose -103 = k*n - 323. What is the greatest common divisor of 11 and n?
11
Let f be (1 + 2)*(-6)/(-9). Let j be (-3 - (-42)/f)/(-1). Let x be (-10 - j)*(-21)/(-2). What is the greatest common divisor of 12 and x?
12
Suppose 17*v + 1598 = 4607. What is the highest common divisor of v and 6?
3
Let p be -6*(1 + 2/(-12)*182). Calculate the greatest common factor of p and 44.
44
Let l(c) be the third derivative of -5*c**4/24 - 8*c**3/3 + 6*c**2. Let m be l(-17). Calculate the highest common factor of 46 and m.
23
Let v be 1 - (-20)/(-16) - (-2247)/12. What is the highest common factor of 17 and v?
17
Let c(j) = -j**2 + 8*j - 5. Let t be c(7). Calculate the greatest common divisor of t and 94.
2
Let x(f) = 136*f - 51. Let c be x(6). What is the highest common divisor of c and 170?
85
Let g = 1068 + -948. Calculate the highest common divisor of g and 15.
15
Let u = -29 - -29. Suppose y + 5*y - 90 = u. Calculate the greatest common divisor of y and 15.
15
Let j = 36 + -17. Suppose -4*w = f - 13, -3*w + f = -4*f + j. Let i be (16/(-24))/(2/42*-1). What is the highest common divisor of w and i?
2
Let f be 4*((-10)/35 - 1377/(-42)). Suppose 4*t = -5*z + 3 + 29, -5*z - 7 = t. Calculate the highest common divisor of f and t.
13
Let l(c) = -c**3 - 12*c**2 - 7*c - 1. Let r be l(-5). Let i = r - -260. Suppose -242*a + 80*a + 2754 = 0. Calculate the highest common factor of i and a.
17
Let c be ((-22)/6)/(2/(-6)). Suppose c*a - 1024 = 7*a. Calculate the greatest common factor of 32 and a.
32
Suppose 4*d + 15 + 20 = 5*s, 5 = 5*s + 2*d. Suppose 0 = -s*l + 2*l - 4*v - 8, 4*v = 16. Let n = l + 29. Calculate the highest common divisor of 40 and n.
5
Suppose -6*b + 2 + 16 = 0. Suppose -5*t = -2*x - 0*x - 13, -4*t = -4*x - 8. Let u be 33*(t - 0)/3. What is the highest common divisor of u and b?
3
Let b = 908 - 579. Let w = 102 - 55. Calculate the greatest common divisor of b and w.
47
Let i be (-8)/16 + (-5)/(-2). Suppose i*d - 4*j + 7 = 5*d, 5*j = -3*d + 2. What is the highest common factor of d and 63?
9
Let f(y) = -y**3 + 3*y**2 + 6*y + 6. Let x be f(5). Let n = -10 - x. Let r = -10780 - -10782. What is the greatest common factor of r and n?
2
Let w be 4 + (0 - -1 - 3). Suppose -2*g - 10 = -5*v, -w = -4*v + 3*v - g. Calculate the greatest common factor of 4 and v.
2
Let a = -149 + 155. What is the greatest common factor of 54 and a?
6
Suppose 5*r + 2*n - 46 = 20, -n = -5*r + 72. Suppose -r = 3*t - 5*t. Suppose -t*v = -4*v - 15. Calculate the greatest common divisor of v and 10.
5
Let i = -862 + 1200. Calculate the highest common divisor of i and 26.
26
Suppose -7*r + 3*r = -440. Suppose -24*m + 325 - 61 = 0. Calculate the greatest common factor of m and r.
11
Let r be (-10)/15 - 4/(-6). Suppose 0 = -4*p - r + 12. Calculate the greatest common divisor of 15 and p.
3
Suppose -9*g + 72 = -5*g. Suppose -3*w = 2*w - 45. Let a be (w - 0) + 2 - 2. What is the greatest common factor of g and a?
9
Let g be 12789/(-21)*(-2 + (-2)/(-6)). Calculate the highest common divisor of g and 35.
35
Suppose 0 = -j + 4*z + 8, 0 = -j - z - z + 26. Suppose -55 = -2*g - 5*p, -2*g + 0*g = 4*p - 60. Calculate the greatest common factor of j and g.
20
Let g(j) = j**2 - 13*j + 4. Let k be g(9). Let r be (2/4)/((-4)/k). Let p(n) = -n - 1. Let o be p(-9). Calculate the greatest common divisor of o and r.
4
Let l(f) = 17*f**2 - 10*f - 22. Let y be l(-2). Calculate the greatest common divisor of y and 297.
33
Suppose 5*n = -3*z + 67, 0 = -2*n + 4*z - 6*z + 26. Let f = 59 - n. Calculate the greatest common divisor of 18 and f.
9
Suppose 0 = 8*f - 7*f - 24. Suppose 0 = 4*k - q + 3*q - f, -16 = 4*q. Suppose -128 = -0*d - 4*d. Calculate the highest common divisor of d and k.
8
Let x be (2/6)/((-2)/(-12)). Let r(b) = 2*b**2 + 159 + b - 159 - b**3. Let q be r(x). What is the highest common divisor of q and 22?
2
Let d be 18/12*-2 + 328. What is the greatest common factor of 260 and d?
65
Suppose 5*j + 4 = 304. Suppose -4*g = -g - j. What is the greatest common divisor of 140 and g?
20
Suppose 3*r = -2*j + 810, -3*r - 2*r = -5*j - 1350. What is the highest common factor of 15 and r?
15
Let s(o) = -o**3 - 11*o**2 - 10*o + 3. Let p be s(-10). Let c be (p/12 - 1775/60)*-3. Calculate the highest common factor of c and 22.
22
Let u(s) = s**2 - 6*s + 10. Let l be u(2). Calculate